{"id":2528,"date":"2026-04-28T10:20:48","date_gmt":"2026-04-28T13:20:48","guid":{"rendered":"https:\/\/vasviajes.com.ar\/web\/?page_id=2528"},"modified":"2026-04-28T11:06:10","modified_gmt":"2026-04-28T14:06:10","slug":"noticias","status":"publish","type":"page","link":"https:\/\/vasviajes.com.ar\/web\/noticias\/","title":{"rendered":"Noticias"},"content":{"rendered":"\t\t<div data-elementor-type=\"wp-post\" data-elementor-id=\"2528\" class=\"elementor elementor-2528\" data-elementor-settings=\"{&quot;ekit_onepagescroll&quot;:&quot;block&quot;}\">\n\t\t\t\t\t\t<section class=\"elementor-section elementor-top-section elementor-element elementor-element-dd1f7fe elementor-section-boxed elementor-section-height-default elementor-section-height-default\" data-id=\"dd1f7fe\" data-element_type=\"section\" data-e-type=\"section\">\n\t\t\t\t\t\t<div class=\"elementor-container elementor-column-gap-default\">\n\t\t\t\t\t<div class=\"elementor-column elementor-col-100 elementor-top-column elementor-element elementor-element-5c3e805\" data-id=\"5c3e805\" data-element_type=\"column\" data-e-type=\"column\">\n\t\t\t<div class=\"elementor-widget-wrap\">\n\t\t\t\t\t\t\t<\/div>\n\t\t<\/div>\n\t\t\t\t\t<\/div>\n\t\t<\/section>\n\t\t\t\t<section class=\"elementor-section elementor-top-section elementor-element elementor-element-0c44902 elementor-section-boxed elementor-section-height-default elementor-section-height-default\" data-id=\"0c44902\" data-element_type=\"section\" data-e-type=\"section\">\n\t\t\t\t\t\t<div class=\"elementor-container elementor-column-gap-default\">\n\t\t\t\t\t<div class=\"elementor-column elementor-col-100 elementor-top-column elementor-element elementor-element-49d360f\" data-id=\"49d360f\" data-element_type=\"column\" data-e-type=\"column\">\n\t\t\t<div class=\"elementor-widget-wrap elementor-element-populated\">\n\t\t\t\t\t\t<div class=\"elementor-element elementor-element-86b696d elementor-widget__width-initial elementor-widget elementor-widget-image\" data-id=\"86b696d\" data-element_type=\"widget\" data-e-type=\"widget\" data-settings=\"{&quot;_animation&quot;:&quot;none&quot;}\" data-widget_type=\"image.default\">\n\t\t\t\t<div class=\"elementor-widget-container\">\n\t\t\t\t\t\t\t\t\t\t\t\t\t\t\t<img fetchpriority=\"high\" decoding=\"async\" width=\"1024\" height=\"245\" src=\"https:\/\/vasviajes.com.ar\/web\/wp-content\/uploads\/2026\/04\/noti-1024x245.png\" class=\"attachment-large size-large wp-image-2531\" alt=\"\" srcset=\"https:\/\/vasviajes.com.ar\/web\/wp-content\/uploads\/2026\/04\/noti-1024x245.png 1024w, https:\/\/vasviajes.com.ar\/web\/wp-content\/uploads\/2026\/04\/noti-300x72.png 300w, https:\/\/vasviajes.com.ar\/web\/wp-content\/uploads\/2026\/04\/noti-768x184.png 768w, https:\/\/vasviajes.com.ar\/web\/wp-content\/uploads\/2026\/04\/noti-1536x368.png 1536w, https:\/\/vasviajes.com.ar\/web\/wp-content\/uploads\/2026\/04\/noti-2048x490.png 2048w\" sizes=\"(max-width: 1024px) 100vw, 1024px\" \/>\t\t\t\t\t\t\t\t\t\t\t\t\t\t\t<\/div>\n\t\t\t\t<\/div>\n\t\t\t\t<div class=\"elementor-element elementor-element-97fb1cc elementor-widget elementor-widget-elementskit-blog-posts\" data-id=\"97fb1cc\" data-element_type=\"widget\" data-e-type=\"widget\" data-widget_type=\"elementskit-blog-posts.default\">\n\t\t\t\t<div class=\"elementor-widget-container\">\n\t\t\t\t\t<div class=\"ekit-wid-con\" >        <div id=\"post-items--97fb1cc\" class=\"row post-items\">\n                    <div class=\"col-lg-6 col-md-6\">\n\n                                    <div class=\"elementskit-post-image-card\">\n                        <div class=\"elementskit-entry-header\">\n                                                            <a href=\"https:\/\/vasviajes.com.ar\/web\/viajes-tematicos-viaja-por-tu-pasion\/\" class=\"elementskit-entry-thumb\">\n                                    <img decoding=\"async\" src=\"https:\/\/vasviajes.com.ar\/web\/wp-content\/uploads\/2026\/04\/daniels-joffe-kMfgmA_KU3Y-unsplash-150x150.jpg\" alt=\"Viajes Tem\u00e1ticos: Viaj\u00e1 por tu Pasi\u00f3n\">\n                                <\/a><!-- .elementskit-entry-thumb END -->\n                                                            \n                            \n\t\t\t\t\t\t\t\t\t\t\t\t\t<\/div><!-- .elementskit-entry-header END -->\n\n\t\t\t\t\t\t<div class=\"elementskit-post-body \">\n\t\t\t\t\t\t\t\n\t\t\t\t\t\t\t\t\t\t\t\t\t\t\t\t\t\t\t\t\t\t\t\t\t\t\t\t\t\t\n\t\t\t\t\t\t\t\t\n\t\t\t\t\t\t\t\t\t\t\t\t\t\t\t\t\t\t\t\t\t<h2 class=\"entry-title\">\n\t\t\t\t\t<a href=\"https:\/\/vasviajes.com.ar\/web\/viajes-tematicos-viaja-por-tu-pasion\/\">\n\t\t\t\t\t\tViajes Tem\u00e1ticos: Viaj\u00e1 por tu Pasi\u00f3n\t\t\t\t\t<\/a>\n\t\t\t\t<\/h2>\n\t\t\t\t\t\t\t\t\t\t\t\t\t\t\t\t\t\t\t\t\t\t\t\t\t\t\t\t\t\t\t\t                                                            <div class=\"btn-wraper\">\n                                    \n                                                                            <a class=\"elementskit-btn whitespace--normal\" id=\"\" href=\"https:\/\/vasviajes.com.ar\/web\/viajes-tematicos-viaja-por-tu-pasion\/\">\n                                        \t                                            Leer m\u00e1s                                        <\/a>\n                                                                    <\/div>\n                                                    <\/div><!-- .elementskit-post-body END -->\n                    <\/div>\n                \n            <\/div>\n                    <div class=\"col-lg-6 col-md-6\">\n\n                                    <div class=\"elementskit-post-image-card\">\n                        <div class=\"elementskit-entry-header\">\n                                                            <a href=\"https:\/\/vasviajes.com.ar\/web\/el-viaje-antes-del-viaje-miedos-gastos-ocultos-y-la-magia-de-animarse\/\" class=\"elementskit-entry-thumb\">\n                                    <img decoding=\"async\" src=\"https:\/\/vasviajes.com.ar\/web\/wp-content\/uploads\/2026\/04\/web-5-150x150.png\" alt=\"El viaje antes del viaje: miedos, gastos ocultos y la magia de animarse\">\n                                <\/a><!-- .elementskit-entry-thumb END -->\n                                                            \n                            \n\t\t\t\t\t\t\t\t\t\t\t\t\t<\/div><!-- .elementskit-entry-header END -->\n\n\t\t\t\t\t\t<div class=\"elementskit-post-body \">\n\t\t\t\t\t\t\t\n\t\t\t\t\t\t\t\t\t\t\t\t\t\t\t\t\t\t\t\t\t\t\t\t\t\t\t\t\t\t\n\t\t\t\t\t\t\t\t\n\t\t\t\t\t\t\t\t\t\t\t\t\t\t\t\t\t\t\t\t\t<h2 class=\"entry-title\">\n\t\t\t\t\t<a href=\"https:\/\/vasviajes.com.ar\/web\/el-viaje-antes-del-viaje-miedos-gastos-ocultos-y-la-magia-de-animarse\/\">\n\t\t\t\t\t\tEl viaje antes del viaje: miedos, gastos ocultos y la magia de animarse\t\t\t\t\t<\/a>\n\t\t\t\t<\/h2>\n\t\t\t\t\t\t\t\t\t\t\t\t\t\t\t\t\t\t\t\t\t\t\t\t\t\t\t\t\t\t\t\t                                                            <div class=\"btn-wraper\">\n                                    \n                                                                            <a class=\"elementskit-btn whitespace--normal\" id=\"\" href=\"https:\/\/vasviajes.com.ar\/web\/el-viaje-antes-del-viaje-miedos-gastos-ocultos-y-la-magia-de-animarse\/\">\n                                        \t                                            Leer m\u00e1s                                        <\/a>\n                                                                    <\/div>\n                                                    <\/div><!-- .elementskit-post-body END -->\n                    <\/div>\n                \n            <\/div>\n                <\/div>\n       <\/div>\t\t\t\t<\/div>\n\t\t\t\t<\/div>\n\t\t\t\t\t<\/div>\n\t\t<\/div>\n\t\t\t\t\t<\/div>\n\t\t<\/section>\n\t\t\t\t<\/div>\n\t\t","protected":false},"excerpt":{"rendered":"<p>Destinos FOODIE Leer m\u00e1s DESTINOS SIN SARGAZO Leer m\u00e1s<\/p>\n","protected":false},"author":1,"featured_media":2433,"parent":0,"menu_order":6,"comment_status":"closed","ping_status":"closed","template":"elementor_header_footer","meta":{"_joinchat":[],"footnotes":""},"class_list":["post-2528","page","type-page","status-publish","has-post-thumbnail","hentry"],"acf":[],"_links":{"self":[{"href":"https:\/\/vasviajes.com.ar\/web\/wp-json\/wp\/v2\/pages\/2528","targetHints":{"allow":["GET"]}}],"collection":[{"href":"https:\/\/vasviajes.com.ar\/web\/wp-json\/wp\/v2\/pages"}],"about":[{"href":"https:\/\/vasviajes.com.ar\/web\/wp-json\/wp\/v2\/types\/page"}],"author":[{"embeddable":true,"href":"https:\/\/vasviajes.com.ar\/web\/wp-json\/wp\/v2\/users\/1"}],"replies":[{"embeddable":true,"href":"https:\/\/vasviajes.com.ar\/web\/wp-json\/wp\/v2\/comments?post=2528"}],"version-history":[{"count":13,"href":"https:\/\/vasviajes.com.ar\/web\/wp-json\/wp\/v2\/pages\/2528\/revisions"}],"predecessor-version":[{"id":2552,"href":"https:\/\/vasviajes.com.ar\/web\/wp-json\/wp\/v2\/pages\/2528\/revisions\/2552"}],"wp:featuredmedia":[{"embeddable":true,"href":"https:\/\/vasviajes.com.ar\/web\/wp-json\/wp\/v2\/media\/2433"}],"wp:attachment":[{"href":"https:\/\/vasviajes.com.ar\/web\/wp-json\/wp\/v2\/media?parent=2528"}],"curies":[{"name":"wp","href":"https:\/\/api.w.org\/{rel}","templated":true}]}}